alculate v(-3).
-1
Let h(i) = -60*i**3 + i**2 - 3*i + 1. What is h(1)?
-61
Let z(i) = -15*i + 9. What is z(2)?
-21
Let i(m) = 6*m - 75. Determine i(13).
3
Let q(p) = -p**2 + p + 4. Determine q(5).
-16
Let q(d) = 14*d**2 + 22*d - 23. Give q(1).
13
Let x(t) = 56*t + 10. Determine x(-2).
-102
Let v(b) = b**2 - 3*b - 3. Give v(-2).
7
Let r(h) = 2*h - 7. Determine r(8).
9
Let v(y) = 2*y**3 - 48*y**2 + y - 36. Determine v(24).
-12
Let p(o) = -15*o + 98. Give p(6).
8
Let x(j) = j + 8. Determine x(9).
17
Let q(r) = -36*r + 43. Give q(1).
7
Let w(b) = -b**3 - 10*b**2 - 6*b + 18. Determine w(-9).
-9
Let j(g) = -g**3 - 2*g**2 - 3*g + 4. Calculate j(-3).
22
Let b(c) = c**3 - 16*c**2 - 4*c - 7. Calculate b(16).
-71
Let y(k) = -k**2 + 15*k - 20. Determine y(13).
6
Let l(z) = -z**3 + 4*z**2 - z - 5. Give l(4).
-9
Let o(x) = -x**2 + 17*x + 59. What is o(20)?
-1
Let c(j) = 36*j - 6. Determine c(1).
30
Let y(v) = 18*v - 48. Give y(3).
6
Let d(a) = 6*a + 16. What is d(-5)?
-14
Let u(f) = 2*f - 6. Give u(-4).
-14
Let o(j) = -j**3 + 9*j**2 + 9*j + 8. Determine o(10).
-2
Let w(h) = -2*h**3 - 11*h**2 + 6*h + 14. Give w(-6).
14
Let j(s) = s**3 + 4*s**2 - s + 4. Give j(-4).
8
Let y(b) = b**3 + 4*b**2 + 7*b - 2. Calculate y(-4).
-30
Let y(u) = -u**2 - 11*u - 55. Determine y(-8).
-31
Let w(t) = -11*t**3 - 2*t**2 + t. Give w(1).
-12
Let z(f) = f**3 + 11*f**2 - 11*f + 3. What is z(-12)?
-9
Let i(d) = -2*d**2 - 4*d - 4. Determine i(-1).
-2
Let z(h) = 6*h**2 + 6*h - 5. Calculate z(1).
7
Let w(i) = -2*i + 22. What is w(11)?
0
Let o(z) = z**3 - 4*z**2 - 1. What is o(3)?
-10
Let j(t) = -t**3 - 18*t**2 - 34*t - 32. Determine j(-16).
0
Let s(p) = 2*p**2 - p - 7. What is s(3)?
8
Let k(j) = -17*j**2 + j + 1. What is k(-1)?
-17
Let k(r) = -2*r - 32. Determine k(-7).
-18
Let v(p) = 6*p**2 + 14*p - 7. Give v(-3).
5
Let u(o) = o**2 - 8*o - 40. What is u(11)?
-7
Let m(a) = -a + 37. Calculate m(-13).
50
Let v(a) = -2*a**3 + 10*a**2 - a - 25. Give v(5).
-30
Let u(d) = -4*d**2 + 201*d - 53. Give u(50).
-3
Let r(p) = -p + 17. What is r(0)?
17
Let y(v) = -8*v**2 - v + 10. Calculate y(-3).
-59
Let d(m) = 31*m**3. Calculate d(1).
31
Let g(h) = -7*h + 69. Give g(10).
-1
Let y(h) = 2*h + 30. Determine y(-12).
6
Let v(i) = -54*i**2 - 2*i + 6. Determine v(1).
-50
Let w(j) = j**3 + 24*j**2 + 5. Give w(-24).
5
Let r(j) = 2*j**2 + 56*j - 4. What is r(-28)?
-4
Let i(u) = u**2 - 13*u + 32. Determine i(9).
-4
Let z(y) = -y**3 + 66*y**2 - 125*y - 197. Give z(64).
-5
Let s(p) = 2*p**3 - 5*p**2 - 2*p + 3. Give s(3).
6
Let i(c) = -3*c**3 - 15*c**2 - 17*c + 1. Give i(-2).
-1
Let p(b) = b**2 + 28*b + 19. What is p(-29)?
48
Let r(i) = -i**3 + 2*i**2 - 1. Calculate r(2).
-1
Let l(d) = d**3 + 3*d**2 - 9*d - 2. Give l(-6).
-56
Let w(z) = -5*z + 130. Calculate w(25).
5
Let l(v) = v**2 + 2. Calculate l(2).
6
Let b(y) = -2*y - 51. Calculate b(-23).
-5
Let b(d) = d**3 + 20*d**2 - 19*d + 39. Give b(-21).
-3
Let t(j) = j**3 - 7*j**2 + 8*j - 10. Determine t(4).
-26
Let c(h) = 36*h + 5. Determine c(-1).
-31
Let x(t) = 33*t + 424. What is x(-13)?
-5
Let b(m) = 46*m - 19. Calculate b(2).
73
Let r(c) = 7*c - 7. Determine r(-4).
-35
Let g(w) = 2*w + 27. Calculate g(-10).
7
Let y(w) = w**3 + 16*w**2 + 32*w + 52. What is y(-14)?
-4
Let n(p) = 2*p**2 - 4*p - 2. Calculate n(-4).
46
Let o(z) = -z + 17. Determine o(13).
4
Let w(p) = p**2 - 5*p + 1. What is w(7)?
15
Let n(s) = s**3 + 5*s**2 + 5*s + 7. Calculate n(-4).
3
Let u(r) = 2*r**2 - 28*r. Give u(14).
0
Let z(a) = a - 3. Give z(-6).
-9
Let z(m) = -5*m + 59. Calculate z(14).
-11
Let j(s) = -170*s**3 + 2*s**2 - 2*s. Determine j(1).
-170
Let z(p) = -2*p**2 + 13*p. Determine z(6).
6
Let l(y) = -22*y**2 - 1. Calculate l(1).
-23
Let h(m) = 18*m**3 - m**2 + 1. What is h(1)?
18
Let o(z) = 6*z + 169. What is o(-27)?
7
Let f(g) = g**2 - 5*g - 51. Determine f(10).
-1
Let h(k) = 5*k**2 - 27*k + 5. Give h(8).
109
Let r(d) = -d**3 + d**2 + d + 58. What is r(0)?
58
Let p(l) = l + 9. Give p(-8).
1
Let o(q) = 2*q**2 - 67*q - 266. Determine o(37).
-7
Let s(t) = -t + 14. What is s(4)?
10
Let i(z) = z - 14. What is i(6)?
-8
Let g(s) = -s - 1. What is g(-6)?
5
Let g(a) = -a**3 + 13*a**2 + 11. Calculate g(13).
11
Let m(a) = -7*a + 2. Calculate m(-3).
23
Let u(s) = -5*s + 14. Determine u(4).
-6
Let m(o) = -24*o**2 - 5*o. Give m(2).
-106
Let g(t) = -2*t**2 + 5*t + 46. Give g(-5).
-29
Let k(l) = -l**2 - 3*l + 3. Calculate k(4).
-25
Let b(l) = -l**3 + 5*l**2 + 16*l - 49. What is b(6)?
11
Let u(l) = l**2 - 13*l + 22. Calculate u(11).
0
Let h(k) = k**2 + 35*k - 25. Give h(0).
-25
Let t(x) = 2*x**3 + x**2 + 4*x + 4. Calculate t(-2).
-16
Let l(k) = k**3 + 2*k - 3. Determine l(-3).
-36
Let h(p) = 2*p**2 - 16*p - 10. Calculate h(8).
-10
Let a(x) = x**3 - 9*x**2 - x + 10. Give a(9).
1
Let p(t) = 11*t**2 + 5*t + 1. Give p(-1).
7
Let j(x) = 6*x + 24. Calculate j(-5).
-6
Let p(f) = -f**3 - 5*f**2 - f - 6. Determine p(-5).
-1
Let u(o) = -70*o + 43. Calculate u(3).
-167
Let r(l) = -4*l - 31. Calculate r(-6).
-7
Let d(w) = w**2 - w - 6. Determine d(5).
14
Let z(c) = -2*c**3 + c**2 - 4*c - 3. What is z(-2)?
25
Let b(u) = -10*u + 110. Determine b(10).
10
Let u(j) = -47*j + 150. Give u(3).
9
Let c(b) = 3*b**2 + 9*b - 3. Calculate c(-2).
-9
Let i(r) = -5*r**2 + 9*r + 4. Determine i(2).
2
Let o(j) = -j**3 + 4*j**2 - 5*j + 2. What is o(3)?
-4
Let m(n) = n**3 - 12*n**2 + 13*n - 25. Calculate m(11).
-3
Let g(d) = 2*d - 43. What is g(15)?
-13
Let r(u) = 23*u + 337. Give r(-15).
-8
Let w(l) = 5*l**2 - 115*l - 113. Calculate w(24).
7
Let l(o) = -o**3 - 4*o**2 - o + 5. What is l(-4)?
9
Let y(q) = -q**2 + 21*q - 29. Determine y(19).
9
Let u(b) = 5*b**2 + 2*b. Give u(3).
51
Let p(m) = m**2 - 9*m - 12. Give p(8).
-20
Let u(l) = -4*l**2 - 32*l - 12. Calculate u(-7).
16
Let o(x) = -2*x**2 + 36*x + 45. Calculate o(19).
7
Let q(j) = j**2 + 11. Determine q(0).
11
Let z(x) = x**2 + 6*x - 18. What is z(-12)?
54
Let x(g) = -8*g + 22. What is x(3)?
-2
Let m(w) = -w**2 - 7*w + 2. Calculate m(-7).
2
Let i(c) = -c**3 + 8*c**2 + 6. Calculate i(7).
55
Let i(m) = 2*m + 4. Determine i(12).
28
Let a(c) = 7*c + 52. What is a(-9)?
-11
Let s(b) = b**3 - 16*b**2 - 34*b - 41. Calculate s(18).
-5
Let g(r) = -r - 8. Calculate g(-17).
9
Let c(j) = j**3 + 12*j**2 + 8*j + 18. Give c(-12).
-78
Let l(a) = -a**2 - 6*a - 4. Determine l(-5).
1
Let f(o) = -7*o - 120. Determine f(-16).
-8
Let h(q) = -q**3 + 7*q**2 + 10*q - 18. Determine h(8).
-2
Let m(v) = v**3 - 14*v**2 - 16*v - 4. Give m(15).
-19
Let f(d) = d**3 - 17*d**2 - 21*d + 14. Determine f(18).
-40
Let z(b) = -2*b**3 - 13*b**2 - 2*b + 20. What is z(-6)?
-4
Let j(i) = -5*i**3 + i**2 + 2*i. Calculate j(-1).
4
Let y(a) = -a**3 - 6*a**2 + 17*a + 18. Give y(-8).
10
Let o(x) = 3*x + 12. Give o(-15).
-33
Let s(m) = m**2 - 8*m + 4. Calculate s(7).
-3
Let j(z) = -z**3 - 2*z**2 + 2*z - 1. Give j(-2).
-5
Let o(v) = -v**2 - 22*v - 81. What is o(-16)?
15
Let o(h) = -h**2 - 8*h - 16. Give o(-7).
-9
Let y(h) = h**2 + 8*h + 22. Determine y(-10).
42
Let u(y) = -7*y - 16. Give u(-4).
12
Let r(h) = h**2 - 7*h - 7. Give r(7).
-7
Let u(r) = 22*r + 219. Give u(-10).
-1
Let q(t) = -34*t - 404. What is q(-12)?
4
Let p(x) = x**3 - 3*x**2 - 3*x - 8. What is p(4)?
-4
Let w(q) = -12*q + 194. What is w(15)?
14
Let y(g) = 20*g - 68. Give y(4).
12
Let y(c) = -c**3 - 3*c**2 + c - 5. Give y(-3).
-8
Let q(o) = 3*o - 48. Calculate q(14).
-6
Let o(c) = 9*c - 64. Give o(0).
-64
Let d(o) = o + 19. Determine d(-24).
-5
Let a(y) = 9*y + 2. Determine a(-3).
-25
Let v(x) = x**3 - 32*x**2 + 32*x - 14. Give v(31).
17
Let r(x) = -x - 27. What is r(-6)?
-21
Let k(b) = 13*b**2 + 20*b + 3. Give k(-1).
-4
Let u(t) = 3*t + 55. Give u(-16).
7
Let o(n) = n**2 + 17*n + 36. Determine o(-15).
6
Let o(f) = f**2 + 26*f - 37. Determine o(-26).
-37
Let m(v) = 3*v**3 + 33*v**2 + 33*v + 20. What is m(-10)?
-10
Let d(v) = -v**3 + v**2 + 5*v. Give d(-2).
2
Let o(d) = 6*d + 8. What is o(-4)?
-16
Let n(v) = -2*v**2 - 8*v - 2. Calculate n(-2).
6
Let i(b) = -2*b + 20. Determine i(0).
20
Let n(o) = 41*o + 612. Give n(-15).
-3
Let r(c) = c**2 + 54*c - 297. Determine r(5).
-2
Let o(u) = -2*u**3 + 4*u**2 - 3*u + 1. Calculate o(2).
-5
Let w(g) = -g**3 - 5*g**2 + g + 1. Calculate w(-5).
-4
Let p(m) = m + 12. What is p(-7)?
5
Let k(w) = -w**2 + 7*w + 9. What is k(10)?
-